  {"id":80,"date":"2018-10-24T11:56:14","date_gmt":"2018-10-24T15:56:14","guid":{"rendered":"http:\/\/www.montclair.edu\/iapc\/?page_id=80"},"modified":"2018-10-24T11:56:14","modified_gmt":"2018-10-24T15:56:14","slug":"research-in-philosophy-for-children","status":"publish","type":"page","link":"https:\/\/www.montclair.edu\/iapc\/research-in-philosophy-for-children\/","title":{"rendered":"Research in Philosophy for Children"},"content":{"rendered":"<p><strong>Compiled with commentary by Esther Cebas and Felix Garc\u00eda Moriy\u00f3n, Universidad Aut\u00f3noma de Madrid, Spain<\/strong><\/p>\n<p><em>Please send additional studies for review to Professor Moriy\u00f3n at\u00a0<a href=\"mailto:FGMoriyon@inicia.es\">FGMoriyon@inicia.es<\/a><\/em><\/p>\n","protected":false},"excerpt":{"rendered":"<p>Compiled with commentary by Esther Cebas and Felix Garc\u00eda Moriy\u00f3n, Universidad Aut\u00f3noma de Madrid, Spain Please send additional studies for review to Professor Moriy\u00f3n at\u00a0FGMoriyon@inicia.es<\/p>\n","protected":false},"author":37,"featured_media":177,"parent":0,"menu_order":101,"comment_status":"closed","ping_status":"closed","template":"","meta":{"inline_featured_image":false,"footnotes":""},"class_list":["post-80","page","type-page","status-publish","has-post-thumbnail","hentry"],"_links":{"self":[{"href":"https:\/\/www.montclair.edu\/iapc\/wp-json\/wp\/v2\/pages\/80","targetHints":{"allow":["GET"]}}],"collection":[{"href":"https:\/\/www.montclair.edu\/iapc\/wp-json\/wp\/v2\/pages"}],"about":[{"href":"https:\/\/www.montclair.edu\/iapc\/wp-json\/wp\/v2\/types\/page"}],"author":[{"embeddable":true,"href":"https:\/\/www.montclair.edu\/iapc\/wp-json\/wp\/v2\/users\/37"}],"replies":[{"embeddable":true,"href":"https:\/\/www.montclair.edu\/iapc\/wp-json\/wp\/v2\/comments?post=80"}],"version-history":[{"count":0,"href":"https:\/\/www.montclair.edu\/iapc\/wp-json\/wp\/v2\/pages\/80\/revisions"}],"wp:featuredmedia":[{"embeddable":true,"href":"https:\/\/www.montclair.edu\/iapc\/wp-json\/wp\/v2\/media\/177"}],"wp:attachment":[{"href":"https:\/\/www.montclair.edu\/iapc\/wp-json\/wp\/v2\/media?parent=80"}],"curies":[{"name":"wp","href":"https:\/\/api.w.org\/{rel}","templated":true}]}}